 + 14*p - 3. What is the remainder when 27 is divided by a(0)?
13
Calculate the remainder when (1/((-1)/(-2)) - -2) + 8 is divided by 7.
5
Let v(w) = -w**3 - 3*w**2 - 2. Let c = 3 + -7. What is the remainder when v(c) is divided by 5?
4
Let o(x) = -x**3 - x + 65. Suppose -q + 0*q = -22. What is the remainder when o(0) is divided by q?
21
Suppose 1 - 88 = -3*y. Calculate the remainder when 55 is divided by y.
26
Let k(m) = -m**3 + 2*m**2 - m + 4. Let w be k(3). Let n(s) = -s**2 - 11*s. What is the remainder when n(w) is divided by 9?
6
Suppose 26 - 6 = 5*q. Let r = 26 - 50. What is the remainder when q is divided by r/(-10) - (-2)/(-5)?
0
Let x(z) = -z**2 - 11*z - 8. Let d be x(-10). Suppose 106 = -0*f + d*f. Calculate the remainder when f is divided by (-28)/1*2/(-4).
11
Let u be 2/5*-1*5. Suppose 4*d = -8, p - 4*d + 3*d = 42. Calculate the remainder when p is divided by 20 - -2 - (-2)/u.
19
Suppose 21*s + 3*s = 2568. Calculate the remainder when s is divided by 27.
26
Let z(w) = -1 - 5*w - w - w**2 - 4 - 1. Let d be z(-4). Suppose d*i + 124 = 6*i. Calculate the remainder when i is divided by 8.
7
Let b be 5/(-2)*2*-1. Suppose y + d + 31 = 0, d = -b*y + 6*d - 165. Calculate the remainder when 35 is divided by (-376)/y - (-1)/4.
11
Let a be (-3)/(1 + 2/(-8)). Calculate the remainder when -22*6/a + 2 is divided by (-4)/14 - (-384)/21.
17
Let s(u) = -u + 10. Let h be s(8). Suppose -o + 0*o = -h, -4*m = 4*o - 16. What is the remainder when 7 is divided by m?
1
Let d = 1 - -4. Let v = d + -1. Calculate the remainder when 6 is divided by v.
2
Let p(o) = 2*o**2 + 2*o - 1. Let a be p(-2). Suppose 3*l - 150 = -3*v, a*v + 216 + 2 = 5*l. Calculate the remainder when l is divided by 6/(-39) + (-158)/(-13).
10
Let j(g) be the first derivative of -7*g**2/2 - 3. Calculate the remainder when j(-2) is divided by (2/(-6))/((-3)/45).
4
Let o(t) = -t**3 - 4*t**2 - 4*t - 3. Suppose 0*w + 7 = -w - 4*x, 3*x = -3. Let q be o(w). Suppose i - 11 = -q*i. What is the remainder when 21 is divided by i?
10
Suppose -5*v + 279 = -176. Calculate the remainder when v is divided by (-274)/(-12) + (-21)/(-126).
22
Let r(k) = k**2 - 6*k. Let u be r(6). Let v be (-3)/6 - 10/(-4). What is the remainder when 2 is divided by 2 + (v - 3 - u)?
0
Suppose 2*b + 0*b + 43 = y, -5*y - b + 259 = 0. Calculate the remainder when y is divided by 18.
15
Let i(o) = -o**3 - 15*o**2 - 16*o - 9. Let t = 8 + -1. Calculate the remainder when i(-14) is divided by t.
5
Suppose -6*q + 424 = -2*q. What is the remainder when q is divided by 27?
25
Suppose 2*r = -0*r - 8. Let x(b) = 4*b**2 - 9*b - 3 + 4*b**3 + 0 + 6*b - 3*b**3. What is the remainder when 25 is divided by x(r)?
7
Suppose 4*o - 24 = 4*x - 260, 3*x + 47 = -o. Calculate the remainder when (3 - 9)*o/6 is divided by 19.
18
Let y(v) = 12*v**3 + v**2 + v - 1. Calculate the remainder when y(1) is divided by 8.
5
Suppose -3*s + 20 = -5*s - 5*q, 0 = 5*s + 2*q + 8. Suppose -2*z - 44 = -4*l, 4*l - 3*z - 46 = -s*l. Calculate the remainder when l is divided by 4.
2
Let w = -1 - -7. What is the remainder when w is divided by 7*40/56*(-4)/(-10)?
0
Suppose -13*o + 2*o + 341 = 0. Let h(d) = d**3 + 7*d**2 + 8*d + 7. Calculate the remainder when o is divided by h(-5).
14
Let y be (-2)/1 + 0 + 2. Suppose 86 = 2*w - y*w. Let c = w + -26. Calculate the remainder when c is divided by 9.
8
Let j = -17 - -23. Calculate the remainder when 15 is divided by j.
3
Let h(k) = -k**3 - 4*k**2 + 3*k - 5. Let j(n) = 2*n**2 - 48*n + 19. Calculate the remainder when j(24) is divided by h(-5).
4
Suppose -5*o = -5*b - 95, -2*o - b + 43 = 8. What is the remainder when o is divided by 7?
4
Let l = 61 - 31. Calculate the remainder when 57 is divided by l.
27
Suppose 5*h - 18 = 7. Suppose -h*c + 30 = -0*c. What is the remainder when c is divided by 4?
2
Suppose 2*z - 4*o - 12 = 0, 5*z = o - 3*o + 90. Suppose p = z - 4. Calculate the remainder when p is divided by 3.
0
Suppose d - 16 - 22 = 0. Let b = 36 + -16. What is the remainder when d is divided by b?
18
Let d(t) = -t**3 + 6*t**2 + 2*t - 4. Let h(l) = -l**2 - 7*l - 6. Let w be h(-6). Let c be w - -6*(-1)/(-1). What is the remainder when 14 is divided by d(c)?
6
Calculate the remainder when (-32 - 1)/((-31)/93) is divided by 20.
19
Let b(c) = -c**3 - 4*c**2 - 2. Let z be b(-4). Calculate the remainder when 18 is divided by 20*(z/(-4) + 0).
8
Suppose 5*g + 2 = -f, -4*f + 2 + 9 = g. Calculate the remainder when 6 is divided by f.
0
Let w be 2/(-7) + 2/7. Suppose w = -3*g + 24 + 24. Suppose -2*b - 4*n + 2 = 6, 0 = b + 4*n + 10. What is the remainder when g is divided by b?
4
Suppose -23 + 2 = 3*z - 4*q, -z + 5*q - 18 = 0. Let p = 1 - z. What is the remainder when p is divided by 3?
1
Suppose 4*m - 3*a = 112, 5*m - 137 = -a - 16. Suppose 111 = 3*p + 4*u, 0 = 3*p + u - 3*u - 111. Let k = m + p. What is the remainder when k is divided by 16?
14
Let k(l) = -2*l**2 - 15*l + 14. Calculate the remainder when 16 is divided by k(-8).
4
Let w = 4 - -19. Calculate the remainder when w is divided by 9.
5
Let t = 0 - 0. Let i(m) = -m**2 - m + 30. Calculate the remainder when i(t) is divided by 16.
14
Suppose -3*r + 4*o + 260 = 0, 3*r + 3*o = -102 + 369. Suppose -4*g + 88 = -r. What is the remainder when g is divided by 15?
14
Suppose 2*c - 17 - 23 = 0. Suppose 2*z + 5*f - 50 = c, -5*z + 121 = -f. What is the remainder when z is divided by 13?
12
Let m = -11 - -15. Calculate the remainder when 7 is divided by m.
3
Let d(c) = 6*c + 11. What is the remainder when d(0) is divided by 7?
4
Let x = 414 - 396. Suppose -2*p + j + 73 = 0, 2*j - 5*j = -3*p + 117. Calculate the remainder when p is divided by x.
16
Suppose -5*j + 106 = -2*m, 2*j = -5*m + j - 211. Calculate the remainder when (3 - 3 - 1)*m is divided by 11.
10
Let p(z) = 2*z**2 - 8*z + 3. Calculate the remainder when p(5) is divided by 8.
5
Let n be (-5)/(-3)*(-3)/(-1). Let u = n + 0. Suppose -20 = -u*h, 0 = -4*x - x - 2*h + 58. What is the remainder when 18 is divided by x?
8
Suppose -48 = -s - 4*z + 3*z, -5*s + z + 222 = 0. Suppose -6*r - 6 = 6. Calculate the remainder when s is divided by (-31)/(-2) + (-1)/r.
13
Let u be (4/(-2))/(4/(-32)). Suppose -u = -f - 3*f. Calculate the remainder when 9 is divided by f.
1
Suppose f + 5*o - 9 = 0, -4*f + 3*o + o = -36. What is the remainder when 14 is divided by f?
5
Let o = 5 + -6. Calculate the remainder when 153*(o - 8/(-6)) is divided by 26.
25
Let b = 104 - 102. Calculate the remainder when 7 is divided by b.
1
Let r be ((-5)/(-4))/(7/(-28)). Calculate the remainder when 43 is divided by ((-22)/8)/(r/20).
10
Let g be (-30)/(-12)*(-8)/(-10). Suppose n = -0*v - v + 8, -g*v + 4*n + 34 = 0. What is the remainder when 17 is divided by v?
6
Let v(z) = 3*z + 15. Calculate the remainder when 72 is divided by v(0).
12
Let i(j) = 4*j**2 - 3*j - 5. Suppose 0 = -u + 3 - 5. Calculate the remainder when i(u) is divided by 4.
1
Let l = -45 + 63. Calculate the remainder when 26 is divided by l.
8
Calculate the remainder when 2/(-7)*(-550 - 3) is divided by 32.
30
Let b = 18 + -9. Suppose -j = -3, 5*j + 8 + 9 = -4*p. Let q = p - -11. What is the remainder when b is divided by q?
0
Suppose -63 + 274 = 4*j + 3*o, 2*j + 2*o = 108. What is the remainder when 143 is divided by j?
45
Calculate the remainder when (176/(-6) + -2)/((-2)/3) is divided by 12.
11
Suppose -3*o - 5*p + 239 = 0, 0 = 2*o - 6*p + 2*p - 152. What is the remainder when o is divided by 20?
18
Suppose -81 + 5 = -2*a. Let x(q) = -5*q - 2. What is the remainder when a is divided by x(-3)?
12
Let k be -4 - 88/(-12)*15. Let s = k - 71. What is the remainder when s is divided by 9?
8
Suppose -2*h + v = -12, -3*h = -2*h + 4*v - 6. Suppose -3*q + 5*q = h. Suppose 31 - 130 = -q*k. What is the remainder when k is divided by 17?
16
Suppose 0 = r + v - 2, 5*v + 27 - 7 = 5*r. What is the remainder when 7 is divided by r?
1
Suppose -4*q = -s - s + 92, -4*s + 5*q = -187. Calculate the remainder when s is divided by 10.
8
Calculate the remainder when (9/((-9)/(-22)))/2 is divided by 2.
1
Let a(y) = y**2 + 2*y - 2. Let g = 8 + -6. Calculate the remainder when 22 is divided by a(g).
4
Let t(k) = k**3 + 2*k - 3. What is the remainder when 26 is divided by t(2)?
8
Suppose -74 = -5*h + 1. Calculate the remainder whe